v be (5 + -3 - -1)*(-2 + 3). Suppose -v*x = -6*x + 1023. Is x composite?
True
Let i = 81 + -45. Suppose -3*t + i = -66. Is t a prime number?
False
Suppose 0 = 5*w - 19 - 6, 2*a + 2*w = 18. Let z be 32/5 - 18/45 - 4. Is a - z - 2067/(-3) composite?
False
Let i = -3879 + 21136. Is i composite?
False
Let h be (18/(-4))/(12/(-16)). Suppose 4067 = b + h*b. Is b composite?
True
Suppose 2*p - 3*p + 15 = 0. Let f(n) = 17*n + 4. Is f(p) composite?
True
Suppose -19*f + 51069 = 14836. Is f prime?
True
Suppose 0 = -2*x + 5*j - 332, 2*j - 360 = 2*x + 4*j. Let z = x - -271. Is z composite?
True
Let u(n) = -n**2 - 5*n + 17. Let y be 130/(-16) + (-2)/(-16). Let v be u(y). Let t(c) = 7*c**2 - 8. Is t(v) a composite number?
True
Suppose 5*q - 2*q = -3*h + 9, -2*q - h + 3 = 0. Suppose 0 = -q*j + j - 7. Suppose 5*i - 102 = -j. Is i a prime number?
True
Let a(c) = 274*c - 2. Let d be a(1). Suppose 3*l = -k + d, 4*k - l = l + 1158. Is k a composite number?
True
Suppose -3634 = -6*f + 386. Let u = -142 - 7. Let s = f + u. Is s a composite number?
False
Let t(z) = 6*z**2 + 42*z - 71. Is t(-33) a prime number?
True
Suppose -3*j = -j - 8. Let o = j + 14. Suppose o*f = 14*f + 1164. Is f composite?
True
Is (440266/6)/1 + (-200)/(-150) composite?
False
Suppose -3*g - 12 = 0, -3*q + 5*g + 125292 + 100847 = 0. Is q prime?
False
Let q(x) = 17 - 15*x - 88*x - 3. Let c be 8/32 - 105/20. Is q(c) a composite number?
True
Let x = -66 + 133. Let z = 220 - x. Let y = 154 + z. Is y a composite number?
False
Let a be 26/4 + 13/(-26). Let y be 69*a/3 + 3. Suppose -4*v = -v - y. Is v composite?
False
Let n = 2 - 3. Is (259/(-4))/(n/4) a composite number?
True
Suppose 11*c - 8*c = -a + 106, 0 = 4*c + 12. Is a composite?
True
Let l be (-14)/63 + (-223)/9. Let b = 54 - l. Is 4/(4 + 0)*b a prime number?
True
Let n be (-5)/(8 + -3)*2/(-2). Is 4 - (-2468 + 5)*n prime?
True
Let a(y) = -80*y - 19. Let u be a(-7). Let t(x) = -2*x - 1. Let o be t(-3). Suppose -o*v = -354 - u. Is v a composite number?
False
Suppose 0 = 3*a - 4513 - 4382. Is a a composite number?
True
Suppose 3*o + 12 = 5*s, o + 1 = 4*s - 3. Let p(n) = -2*n**3 - 3*n - 7. Is p(o) composite?
True
Let a = -12 - -16. Suppose a*i = 6*i. Suppose 3*r = -i*r + 201. Is r a composite number?
False
Suppose -18492 - 75351 = -2*o + 5*j, 0 = o + j - 46918. Is o a prime number?
True
Suppose -42*q = -1154000 - 693622. Is q prime?
True
Let i be 11186/30 - 2/(-15). Let y = i + -254. Is y prime?
False
Let l be 2/(2/8*2). Suppose l*j = 9 - 53. Let y(k) = -9*k - 17. Is y(j) a prime number?
False
Let p = 123 - -40. Suppose 3*g = -4*h - 21 + p, 3*g - 105 = -3*h. Is h composite?
False
Let k(u) = 2*u - 11 + 8 - 10. Let x be k(9). Suppose 108 = b + z, 40 = -2*b + x*z + 277. Is b composite?
True
Let i be 4/(6 - 2 - 2). Suppose q = -5*k + 442 + 854, -1038 = -4*k - i*q. Is k prime?
False
Suppose 4*u - 16221 + 893 = 0. Let t = 5781 - u. Is t a composite number?
False
Let u be 3 - (-25 + 4) - 2. Let t = -22 + u. Is 5 + t + -4 - -132 prime?
False
Let v = -101 + 167. Let c = 149 - v. Is c a composite number?
False
Let c = -5 - -4. Is (26/(-6) - c)/(4/(-1362)) prime?
False
Let z(x) be the second derivative of -x + 0 - 2*x**3 - 5/2*x**2. Is z(-10) a composite number?
True
Suppose f - 3 - 15 = 0. Let t = f - 12. Suppose -1982 = -t*c - 152. Is c prime?
False
Is 31873 + (2/(-5))/(44/(-440)) a composite number?
True
Suppose -16*d - 57804 = -28*d. Is d a composite number?
False
Suppose -3*f + 2*f + 60 = -4*s, 5*f - 6 = -s. Let q = s - -14. Let z(u) = -u**2 - u + 46. Is z(q) a composite number?
True
Let z(d) = 18*d - 2. Let i be z(10). Let f = i + -125. Is f prime?
True
Suppose 1424 = -4*w + 5*p, 4*w - w - 3*p = -1065. Let b = -269 + 269. Is (b + -3 - w) + -1 a composite number?
False
Let r(v) = v**3 - 2*v**2 + 3. Let h be r(3). Let s be (-2106)/(-10) - h/(-30). Suppose 0 = d - 0*d - s. Is d a composite number?
False
Let m(h) = 46*h + 5. Let u be (-4)/(-6)*(-21)/(-14). Let z be 6*(-4)/(-8)*u. Is m(z) composite?
True
Suppose -3*t + 932 = -1069. Is t a prime number?
False
Suppose -3*s - 3945 = -4*y, s - 984 = -y + 4*s. Let d = -568 + y. Is d a prime number?
True
Suppose -l - 48*v + 43*v + 1558 = 0, 4*l + v - 6175 = 0. Is l composite?
False
Suppose 6*o + 486 = 9*o. Let k = o + 469. Is k a composite number?
False
Suppose -75563 = 14*h + 42499. Let g = -5480 - h. Is g a prime number?
True
Suppose -169 = o + 195. Suppose -4*j + 3421 = 5*r, r - 2739 = -3*r - j. Let u = r + o. Is u composite?
True
Let j(r) be the second derivative of -r**5/20 - 2*r**4/3 + 4*r**2 - 6*r. Is j(-9) prime?
True
Let w = 9152 + -1333. Is w a prime number?
False
Is 4/10 + (-5771970)/(-450) a composite number?
True
Let x be 466599/187 - 2/11. Let u = -1674 + x. Is u composite?
False
Let p(k) = 30*k**2 - 14*k - 14. Is p(13) composite?
True
Let o = 10 - 2. Suppose 7*v + 751 = o*v. Is v a prime number?
True
Let x(a) be the first derivative of 5*a**3 + 8*a**2 + 16*a + 33. Is x(-9) a prime number?
True
Let h(s) = -8*s - 42. Let i be h(-6). Is (-1 - -1 - 0) + 38694/i a composite number?
False
Suppose y = 5*o + 5*y + 2280, -o = 4*y + 440. Let r be (-3)/(-9) - (-3890)/(-15). Let z = r - o. Is z a prime number?
False
Let u = 9 - 26. Let v = u - 2. Let l = 206 + v. Is l a prime number?
False
Let x(i) be the first derivative of 11*i**3 - 3*i**2/2 + i - 1. Let l = 99 - 97. Is x(l) prime?
True
Let i(t) = 8*t + 37*t**2 - 3*t - 1 + 1 + 6. Let o be i(-4). Suppose 3*u = -4*g + 639, 5*g + 2*u - o = 219. Is g composite?
True
Suppose l + a - 41978 = 4235, 0 = -3*l + 2*a + 138629. Is l prime?
False
Let s(n) = n**3 - 3*n**2 + 2*n - 2. Let h be s(3). Let o(b) = 6*b + 1. Is o(h) a composite number?
True
Suppose 4*q - 22 = -2*n, 3*q - 2*q = -5*n + 19. Suppose -5*z = q*r - 45, -z - 3*z + 2*r + 36 = 0. Is ((-21)/z)/((-1)/21) a prime number?
False
Suppose u + 6*l = 69295, 4*l + 67730 = 2*u - 70860. Is u a composite number?
True
Let w(p) = -27*p + 7. Let t be w(13). Is (-5)/(-15) + t/(-3) a prime number?
False
Let d = 1 - -157. Is d/1*((-6)/4)/(-3) prime?
True
Is (-4 - 2) + 6 + 3389 a composite number?
False
Let v = -14 + 19. Suppose v*b + 2*l = -135 + 1606, 4*b + 5*l = 1187. Is b prime?
True
Suppose v - 2 = 3. Suppose v*h = -5*f + 3510, -3 = -7*h + 4*h. Is f a composite number?
False
Suppose 76*r = 69*r + 29589. Is r prime?
False
Let c(v) = -5*v**3 + 9*v**2 + 5*v - 16. Let d(k) = -6*k**3 + 10*k**2 + 4*k - 17. Let l(n) = 4*c(n) - 3*d(n). Is l(-6) composite?
False
Let v(z) = 169*z - 7. Let a be v(2). Suppose -10*s + 1441 = a. Is s prime?
False
Suppose -5*u - 3*l + 334 = 0, 0*l - 3*l = 6. Let c = u - -131. Is c a composite number?
False
Let o = 154346 + -101467. Is o a composite number?
False
Let s(h) = h**3 + 13*h**2. Let u be s(-13). Suppose 4*m = -u*m + 12. Suppose -7 - 35 = -m*r. Is r a prime number?
False
Is -3 + 8 + 11/((-55)/(-40780)) prime?
True
Suppose g = -5*d + 15553 + 9895, -3*d = -4*g - 15255. Is d composite?
True
Let z be 1/((-966)/242 - -4). Suppose -z = -3*n + 5*d, 0*d + 8 = -4*d. Is n prime?
True
Suppose -5*u = -25, -6*u + 48087 = 14*y - u. Is y a prime number?
True
Suppose -32*c + 30*c + 29242 = 0. Is c a prime number?
True
Let w(k) = -16747*k + 353. Is w(-4) a prime number?
False
Suppose -2*c - 3*g + 4 - 3 = 0, -5*g = 4*c - 3. Suppose -4*a - 16 = 0, 0*y + c*a + 761 = 3*y. Is y prime?
True
Let k be (4/(-5))/(3/15). Let j(d) = -2*d - 5. Let l be j(k). Let b(m) = 2*m**3 - 2*m**2 + m + 4. Is b(l) a prime number?
True
Is ((-525276)/90)/((-4)/10) a composite number?
False
Let t(k) = 5030*k**2 - 3*k - 2. Let x be t(-1). Suppose 0 = 4*m - 5*c - x, c = -0*m + 3*m - 3776. Is m a prime number?
True
Suppose 0 = -40*y + 43*y - 1422. Suppose x = u - 96, 0 = 5*u - x - 2*x - y. Is u a composite number?
True
Suppose 47*u - 109249 = 358542. Is u prime?
False
Suppose -3*v - v + 6478 = -2*i, 5*v - 8111 = -2*i. Is v composite?
False
Let m be 38/(-3)*5/((-15)/9). Is ((-2086)/(-4))/(19/m) composite?
True
Let z be 8/(-3) - 8/(-12). Let l(h) = -882*h + 1. Is l(z) a prime number?
False
Suppose 0 = 5*l + 5*g - 36940, 5*l - 2*g - 2*g = 36967. Is l composite?
True
Let p = -941 - -531. Let k = p - 71. Let i = 692 + k. Is i prime?
True
Suppose 18 = -4*l + 86. Let d(p) = p**3 + 11*p**2 + 5*p + 5. Let a be d(-8). Suppose -l = 4*x - a. Is x a p